{"id":34,"date":"2014-11-27T18:12:00","date_gmt":"2014-11-27T18:12:00","guid":{"rendered":"http:\/\/domicil-gruppe.de\/neuweserland\/?page_id=34"},"modified":"2019-09-04T12:52:59","modified_gmt":"2019-09-04T12:52:59","slug":"pflege","status":"publish","type":"page","link":"https:\/\/domicil-gruppe.de\/neuweserland\/pflege\/","title":{"rendered":"Pflege"},"content":{"rendered":"<p>[vc_row full_width=&#8220;stretch_row_content_no_spaces&#8220;][vc_column][vc_single_image image=&#8220;600&#8243; img_size=&#8220;full&#8220; alignment=&#8220;center&#8220; image_hovers=&#8220;false&#8220; css=&#8220;.vc_custom_1567601576034{margin-bottom: 0px !important;border-bottom-width: 0px !important;padding-bottom: 0px !important;}&#8220;][vc_separator color=&#8220;orange&#8220;][\/vc_column][\/vc_row][vc_row][vc_column width=&#8220;1\/6&#8243;][\/vc_column][vc_column width=&#8220;2\/3&#8243;][vc_column_text]<\/p>\n<h2 style=\"text-align: center;\"><span style=\"color: #000000;\">Pflege<\/span><\/h2>\n<p>[\/vc_column_text]<div class=\"gap\" style=\"line-height: 20px; height: 20px;\"><\/div>[vc_column_text]<\/p>\n<p style=\"text-align: left;\"><span style=\"color: #2d2d2d;\">Im SENIOREN DOMICIL WESERLAND wird nach dem bew\u00e4hrten Pflegemodell von Professor Dr. Monika Krohwinkel gearbeitet. Es beinhaltet das angewandte Modell der Aktivit\u00e4ten und existenziellen Erfahrungen des Lebens. Die pflegerische und sozialtherapeutische Arbeit soll sich nicht nur an dem individuellen Grad der Erkrankung und der Defizite orientieren, sondern auch an der Bedeutung der Biografie des einzelnen Bewohners. S\u00e4mtliche pflegerische Ma\u00dfnahmen werden durch geschulte Pflegefachkr\u00e4fte und Pflegeassistenten im Tag- und Nachtdienst durchgef\u00fchrt.<\/span><\/p>\n<p style=\"text-align: left;\"><span style=\"color: #2d2d2d;\">Unser Haus bietet im Besonderen einen Wohnbereich f\u00fcr gerontopsychiatrisch ver\u00e4nderte Menschen. Dieser Bereich bietet innerhalb und au\u00dferhalb der Wohnanlage eine von der \u00fcbrigen Einrichtung v\u00f6llig getrennte Einheit und gew\u00e4hrleistet dadurch eine besonders intensive Betreuung. Die reaktivierende Pflege der demenziell erkrankten Bewohner erfolgt in Anlehnung an das psychobiografische Pflegemodell von Professor B\u00f6hm. Hier werden Fachkr\u00e4fte mit einer speziellen Ausbildung eingesetzt. Durch eine Umgebung, die Geborgenheit und Schutz bietet, soll den Menschen geholfen werden, ihre Identit\u00e4t m\u00f6glichst lange zu bewahren.<\/span><\/p>\n<p style=\"text-align: left;\"><span style=\"color: #2d2d2d;\">Vom Wohnbereich f\u00fcr gerontopsychiatrisch ver\u00e4nderte Bewohner ausgehend befindet sich ein sogenannter Sinnesgarten, der speziell an die Bed\u00fcrfnisse von Demenzkranken nach neuesten wissenschaftlichen Erkenntnissen angepasst ist. Die Anordnung von Bepflanzung, Hochbeeten und Pergolen kann sowohl einer R\u00fcckzugsm\u00f6glichkeit als auch der Kommunikation dienen.<\/span><\/p>\n<p style=\"text-align: left;\"><span style=\"color: #2d2d2d;\"><b>Pflegekonzept<\/b><\/span><br \/>\n<span style=\"color: #2d2d2d;\"> Wir arbeiten nach dem System der Gruppenpflege. Jeder Mitarbeiter ist dabei im Rahmen seiner Kompetenz und Anwesenheit f\u00fcr eine bestimmte Gruppe von Bewohnern zust\u00e4ndig. Dadurch wird die Eigenverantwortlichkeit des einzelnen Mitarbeiters erhalten und gef\u00f6rdert, die Beziehung zum Bewohner sowie Pflege und Betreuung optimal gestaltet. Durch die f\u00fcr jeden Bewohner individuell erstellte Pflegeplanung ist ein hoher pflegerischer und betreuerischer Standard gew\u00e4hrleistet. Die Pflegeplanung wird in Zusammenarbeit mit den einzelnen Bereichen des Hauses erstellt. Regelm\u00e4\u00dfige Dienstbesprechungen und \u00dcbergaben sowie Pflegeplanungsgespr\u00e4che gew\u00e4hrleisten im Zuge der Qualit\u00e4tssicherung die st\u00e4ndige \u00dcberwachung der Pflege und Betreuung im Haus. Die Mitarbeiter werden regelm\u00e4\u00dfig intern und extern geschult.<\/span><\/p>\n<p>[\/vc_column_text][\/vc_column][vc_column width=&#8220;1\/6&#8243;][\/vc_column][\/vc_row]<\/p>\n","protected":false},"excerpt":{"rendered":"<p>[vc_row full_width=&#8220;stretch_row_content_no_spaces&#8220;][vc_column][vc_single_image image=&#8220;600&#8243; img_size=&#8220;full&#8220; alignment=&#8220;center&#8220; image_hovers=&#8220;false&#8220; css=&#8220;.vc_custom_1567601576034{margin-bottom: 0px !important;border-bottom-width: 0px !important;padding-bottom: 0px !important;}&#8220;][vc_separator color=&#8220;orange&#8220;][\/vc_column][\/vc_row][vc_row][vc_column width=&#8220;1\/6&#8243;][\/vc_column][vc_column width=&#8220;2\/3&#8243;][vc_column_text] Pflege [\/vc_column_text][vc_column_text] Im SENIOREN DOMICIL WESERLAND wird nach dem bew\u00e4hrten Pflegemodell von Professor Dr. Monika Krohwinkel gearbeitet. Es beinhaltet das angewandte Modell der Aktivit\u00e4ten und existenziellen Erfahrungen des Lebens. Die pflegerische und sozialtherapeutische Arbeit soll sich nicht nur an&hellip;<\/p>\n","protected":false},"author":1,"featured_media":0,"parent":0,"menu_order":0,"comment_status":"closed","ping_status":"closed","template":"","meta":{"footnotes":""},"class_list":["post-34","page","type-page","status-publish","hentry","description-off"],"_links":{"self":[{"href":"https:\/\/domicil-gruppe.de\/neuweserland\/wp-json\/wp\/v2\/pages\/34","targetHints":{"allow":["GET"]}}],"collection":[{"href":"https:\/\/domicil-gruppe.de\/neuweserland\/wp-json\/wp\/v2\/pages"}],"about":[{"href":"https:\/\/domicil-gruppe.de\/neuweserland\/wp-json\/wp\/v2\/types\/page"}],"author":[{"embeddable":true,"href":"https:\/\/domicil-gruppe.de\/neuweserland\/wp-json\/wp\/v2\/users\/1"}],"replies":[{"embeddable":true,"href":"https:\/\/domicil-gruppe.de\/neuweserland\/wp-json\/wp\/v2\/comments?post=34"}],"version-history":[{"count":12,"href":"https:\/\/domicil-gruppe.de\/neuweserland\/wp-json\/wp\/v2\/pages\/34\/revisions"}],"predecessor-version":[{"id":666,"href":"https:\/\/domicil-gruppe.de\/neuweserland\/wp-json\/wp\/v2\/pages\/34\/revisions\/666"}],"wp:attachment":[{"href":"https:\/\/domicil-gruppe.de\/neuweserland\/wp-json\/wp\/v2\/media?parent=34"}],"curies":[{"name":"wp","href":"https:\/\/api.w.org\/{rel}","templated":true}]}}

<p>[vc_row full_width=&#8220;stretch_row_content_no_spaces&#8220;][vc_column][vc_single_image image=&#8220;600&#8243; img_size=&#8220;full&#8220; alignment=&#8220;center&#8220; image_hovers=&#8220;false&#8220; css=&#8220;.vc_custom_1567601576034{margin-bottom: 0px !important;border-bottom-width: 0px !important;padding-bottom: 0px !important;}&#8220;][vc_separator color=&#8220;orange&#8220;][/vc_column][/vc_row][vc_row][vc_column width=&#8220;1/6&#8243;][/vc_column][vc_column width=&#8220;2/3&#8243;][vc_column_text]</p>
<h2 style="text-align: center;"><span style="color: #000000;">Pflege</span></h2>
<p>[/vc_column_text]<div class="gap" style="line-height: 20px; height: 20px;"></div>[vc_column_text]</p>
<p style="text-align: left;"><span style="color: #2d2d2d;">Im SENIOREN DOMICIL WESERLAND wird nach dem bewährten Pflegemodell von Professor Dr. Monika Krohwinkel gearbeitet. Es beinhaltet das angewandte Modell der Aktivitäten und existenziellen Erfahrungen des Lebens. Die pflegerische und sozialtherapeutische Arbeit soll sich nicht nur an dem individuellen Grad der Erkrankung und der Defizite orientieren, sondern auch an der Bedeutung der Biografie des einzelnen Bewohners. Sämtliche pflegerische Maßnahmen werden durch geschulte Pflegefachkräfte und Pflegeassistenten im Tag- und Nachtdienst durchgeführt.</span></p>
<p style="text-align: left;"><span style="color: #2d2d2d;">Unser Haus bietet im Besonderen einen Wohnbereich für gerontopsychiatrisch veränderte Menschen. Dieser Bereich bietet innerhalb und außerhalb der Wohnanlage eine von der übrigen Einrichtung völlig getrennte Einheit und gewährleistet dadurch eine besonders intensive Betreuung. Die reaktivierende Pflege der demenziell erkrankten Bewohner erfolgt in Anlehnung an das psychobiografische Pflegemodell von Professor Böhm. Hier werden Fachkräfte mit einer speziellen Ausbildung eingesetzt. Durch eine Umgebung, die Geborgenheit und Schutz bietet, soll den Menschen geholfen werden, ihre Identität möglichst lange zu bewahren.</span></p>
<p style="text-align: left;"><span style="color: #2d2d2d;">Vom Wohnbereich für gerontopsychiatrisch veränderte Bewohner ausgehend befindet sich ein sogenannter Sinnesgarten, der speziell an die Bedürfnisse von Demenzkranken nach neuesten wissenschaftlichen Erkenntnissen angepasst ist. Die Anordnung von Bepflanzung, Hochbeeten und Pergolen kann sowohl einer Rückzugsmöglichkeit als auch der Kommunikation dienen.</span></p>
<p style="text-align: left;"><span style="color: #2d2d2d;"><b>Pflegekonzept</b></span><br />
<span style="color: #2d2d2d;"> Wir arbeiten nach dem System der Gruppenpflege. Jeder Mitarbeiter ist dabei im Rahmen seiner Kompetenz und Anwesenheit für eine bestimmte Gruppe von Bewohnern zuständig. Dadurch wird die Eigenverantwortlichkeit des einzelnen Mitarbeiters erhalten und gefördert, die Beziehung zum Bewohner sowie Pflege und Betreuung optimal gestaltet. Durch die für jeden Bewohner individuell erstellte Pflegeplanung ist ein hoher pflegerischer und betreuerischer Standard gewährleistet. Die Pflegeplanung wird in Zusammenarbeit mit den einzelnen Bereichen des Hauses erstellt. Regelmäßige Dienstbesprechungen und Übergaben sowie Pflegeplanungsgespräche gewährleisten im Zuge der Qualitätssicherung die ständige Überwachung der Pflege und Betreuung im Haus. Die Mitarbeiter werden regelmäßig intern und extern geschult.</span></p>
<p>[/vc_column_text][/vc_column][vc_column width=&#8220;1/6&#8243;][/vc_column][/vc_row]</p>

<p>[vc_row full_width=&#8220;stretch_row_content_no_spaces&#8220;][vc_column][vc_single_image image=&#8220;600&#8243; img_size=&#8220;full&#8220; alignment=&#8220;center&#8220; image_hovers=&#8220;false&#8220; css=&#8220;.vc_custom_1567601576034{margin-bottom: 0px !important;border-bottom-width: 0px !important;padding-bottom: 0px !important;}&#8220;][vc_separator color=&#8220;orange&#8220;][/vc_column][/vc_row][vc_row][vc_column width=&#8220;1/6&#8243;][/vc_column][vc_column width=&#8220;2/3&#8243;][vc_column_text] Pflege [/vc_column_text][vc_column_text] Im SENIOREN DOMICIL WESERLAND wird nach dem bewährten Pflegemodell von Professor Dr. Monika Krohwinkel gearbeitet. Es beinhaltet das angewandte Modell der Aktivitäten und existenziellen Erfahrungen des Lebens. Die pflegerische und sozialtherapeutische Arbeit soll sich nicht nur an&hellip;</p>
